e j(5). Suppose 88 = 2*l - k*n, s*l = n - 29 + 199. What is the units digit of l?
2
Suppose 0 = -5*y - 5*u + 2*u + 3, -2*u + 2 = 4*y. Let z(f) = y + 2 - 10*f + 2. What is the tens digit of z(-4)?
4
Let u(z) = z**2 + 2*z - 8. Let v be u(7). What is the units digit of 2304/33 + 10/v?
0
Suppose -3*r + 2460 = 2*k - 5*r, -r = -4*k + 4920. What is the tens digit of k?
3
Suppose -4*n = -2*c - 2*n - 12, 0 = -4*n + 12. What is the units digit of (15/(-6))/(c/2)*18?
0
Suppose 7*c - 3612 = 4851. What is the hundreds digit of c?
2
Let x be 3 - (4 - 20/(-4)). Let j = x - -16. What is the tens digit of j?
1
Suppose -f + 2 + 12 = -3*u, 3*f + 10 = -4*u. What is the tens digit of 113 + 1 + (-2 - f)?
1
Suppose -18 = -2*f + 40. Suppose -33*p + f*p + 28 = 0. What is the units digit of p?
7
Let y(p) = p**3 - 3*p**2 + 6*p - 3. Let i be y(4). Let w = 232 - i. What is the hundreds digit of w?
1
Let r(h) be the second derivative of h**3/6 + 28*h**2 + 36*h. What is the units digit of r(0)?
6
Suppose -18 = 5*t - 2*t. Let m(o) = o**3 + 7*o**2 + 6*o + 2. Let i be m(t). Suppose -2*h + 82 = 2*p, -67 = -4*h + i*h + p. What is the tens digit of h?
3
Let a = -50 - -61. Suppose 3*y = -15, -x + a = -0*y + y. What is the units digit of x?
6
Let r(w) be the third derivative of w**4/24 - w**3/2 + w**2. Let c be r(3). Suppose 2*x - 4*b - 66 = c, -2*x + 55 - 10 = 3*b. What is the tens digit of x?
2
Suppose 720 = 4*p - 2*r, 0*r - 533 = -3*p - 2*r. What is the tens digit of p?
7
What is the hundreds digit of 4 + 6 + (-3 + 952 - -4)?
9
Suppose 0 = 2*t - 3*q - 745, -5*t - 5*q = -t - 1479. What is the units digit of t?
1
Suppose 0*v - 293 = -4*v - h, -5*v + 362 = -3*h. Let m = v + 88. What is the units digit of m?
1
Suppose 22*b + 10523 = 61937. What is the tens digit of b?
3
Suppose -114*t = -117*t + 1329. What is the tens digit of t?
4
Let y(g) = 13*g**3 + 3*g**2 - 6*g - 9. What is the units digit of y(3)?
1
Let d(a) = -2*a - 5*a - a + 4 - 4*a**2 + 6*a**2. What is the tens digit of d(5)?
1
Suppose 9*v - 18*v = 1980. Let p = v + 358. What is the hundreds digit of p?
1
Let m = -9 - -8. Let s(n) = 68*n**2 + 3*n + 4. What is the tens digit of s(m)?
6
Let y = 105 - 57. Let v be 2/((y/(-45))/(-8)). Let i = v - 4. What is the units digit of i?
1
Let u(t) = t**3 + 5*t**2 - 5*t - 2. Suppose 30 = -8*x + 3*x. Let w be u(x). What is the units digit of 1*(-1 + 0 - w)?
7
Suppose 2*o = 3*u - 526, 4*o - 11 + 31 = 0. What is the units digit of u?
2
Suppose -88*q + 91*q = 18. Suppose 0 = q*v + v - 84. What is the units digit of v?
2
Suppose -5*f - 4*t + 943 = -7*t, 3*t = -f + 185. Suppose 0 = -2*b - 2*b + f. What is the units digit of b?
7
Let a be (-6 - -1)*(-138)/15. What is the tens digit of a + 1 + 8 + -12?
4
Let d be (126/8)/(6/(-24)). What is the units digit of d/((105/10)/(-7))?
2
Suppose -2*y = 0, q + 0*y = -4*y + 505. What is the units digit of q?
5
Let g = 0 - -2. Let x(l) = -l + 14 + g*l - 6. What is the units digit of x(0)?
8
Suppose -2*l + 3*k = -167 - 98, 5*k + 25 = 0. What is the hundreds digit of l?
1
Let q(p) = -p**3 - 8*p**2 + 5*p - 7. Suppose -3*m - 13 = 17. Let i = m - -1. What is the units digit of q(i)?
9
Let x be ((-1)/7)/(5/(-35)). Let p(a) = 2*a**3 - 2*a + 1. Let c be p(x). Suppose 10 = 3*d + c. What is the units digit of d?
3
Let s = -35 - -45. Suppose -s = -5*r, -k - 3*r = r - 11. What is the units digit of k?
3
Suppose 3*u - 22 = -5*a, -2*a + 5*u = -11 - 4. What is the units digit of 9/3 - (4 - a)?
4
Let k(n) be the first derivative of -n**2/2 + 13*n - 1. Let c be k(10). Suppose -5*s = -2*f + 27, -3 = 2*s - c*s. What is the units digit of f?
1
Let a(n) = 352*n**3 - 2*n**2 + 2*n - 1. Let m be a(1). Suppose -5*w - m = -2*w. What is the tens digit of ((-6)/(-9))/((-2)/w)?
3
Let f = 16 + -11. Suppose -3*x - 38 = -f*x. What is the units digit of x?
9
Let y(t) = 2*t + 30. Let l be y(-16). Let z(n) = -4*n**3 + n**2 + 3*n + 6. What is the tens digit of z(l)?
3
Suppose 15 = 5*p - 4*t, -5*p + 4*t = t - 15. Suppose p - 19 = -w. What is the tens digit of w?
1
Let j(f) be the third derivative of f**6/120 + f**5/3 + 7*f**4/8 - 3*f**3 - 42*f**2. What is the units digit of j(-18)?
2
Let h(t) = t**2 - 3*t - 20. Let m be h(0). Let b = m - -37. What is the units digit of b?
7
Let c(g) = 10*g - 28. Let u be c(3). Suppose 0 = -r + 4*i + 39, u*r + 4*i - 236 = -2*r. What is the units digit of r?
5
Let h = 412 - 211. What is the units digit of h?
1
Let l(f) = f**3 - 4*f**2 + f + 5. Let a = 8 - 3. Suppose 0 = 9*u - a*u - 20. What is the units digit of l(u)?
5
Let u = -6 - -9. Suppose -3*i + 5 = -2*i. Let d = i + u. What is the units digit of d?
8
Let p = -1612 - -2849. What is the units digit of p?
7
Let k be (-796)/(-2 + -2 + 2). Suppose -6*z + 28 = -k. What is the tens digit of z?
7
What is the units digit of (-1)/(-4) - (4 + (-546)/24)?
9
Suppose 3*s + 6*n = 5*n + 4082, n = s - 1358. What is the hundreds digit of s?
3
Let o be (4/8)/(2/8). Suppose 4 = -o*p, 2*q - 53 = 3*p - 3. What is the units digit of q?
2
Let z(f) = -8*f - 35. Let s be z(-11). Suppose 0 = -3*b - 5 + s. What is the tens digit of b?
1
Suppose -11*v = -5*v - 1770. What is the hundreds digit of v?
2
Let h be (-3978)/(-30) - (-2)/5. Suppose g + h = 4*g - 2*l, 0 = -5*g - 5*l + 180. What is the units digit of g?
1
Let s = -592 - -1266. What is the hundreds digit of s?
6
Suppose 5*p - 3 = x, -4*p - 4 = 3*x + 5. Suppose -4*z + 30 = -3*i, -2*z - z + 2*i + 23 = p. Suppose -6*j - 42 = -z*j. What is the tens digit of j?
1
Suppose 2*p - 1235 = -9*t + 6*t, -5*t - 1900 = -3*p. What is the hundreds digit of p?
6
Let j(y) = y**2 - 9*y + 322. What is the hundreds digit of j(-29)?
4
Let g(d) = -4*d + 0*d + 6*d - 3*d + 16. Let b be g(13). Suppose -x = b*q - 2, 8 = -4*x - 8. What is the units digit of q?
2
What is the units digit of (-2275)/(-39)*168/20?
0
Suppose 3*w - 2216 = -o, 0 = -2*o + 2*w + 3922 + 510. What is the hundreds digit of o?
2
Suppose 3*n - 284 + 44 = 2*d, -n + 80 = d. What is the units digit of n?
0
Let r(b) = -121*b + 514. What is the units digit of r(0)?
4
What is the tens digit of 18565/40 + 5/(-40)?
6
Let r(i) = i - 2. Let d be r(0). Let a = d - -4. Suppose 3*p - 100 = -a*p. What is the units digit of p?
0
Let m(c) = -c + 2. Let h be m(4). Let j = 38 + h. What is the units digit of j?
6
Let p = -301 + 311. What is the units digit of p?
0
Let j(y) = 3*y + 57. Let g be j(-13). Let w(h) = -h**3 + 17*h**2 + 22*h + 3. What is the units digit of w(g)?
5
Suppose c = -0*c + 4. Let q be c/10 - 2152/(-20). What is the tens digit of q/5 - (-2)/5?
2
Let x(c) = -c**2 + 44*c - 218. What is the hundreds digit of x(20)?
2
Suppose -2*y + y - 2 = 0. Let d = y + 34. What is the units digit of d?
2
Suppose -5*i + i - b + 6723 = 0, b + 1687 = i. What is the hundreds digit of i?
6
Let u = 191 + -21. Suppose -7*z = -2*z - u. What is the tens digit of z?
3
Let y(k) = 2*k - 22. Suppose 2*r + 5 = g - 3*r, 2*g = 3*r + 3. Let i be y(g). Let h = i - -30. What is the units digit of h?
8
Let j(g) = 186*g**3 + g + 4. What is the thousands digit of j(2)?
1
Let n(p) = p**2 - 2. Let c(o) = -o**3 + 2*o**2 - o + 1. Let s be c(2). Let l be n(s). What is the units digit of 2/l*(-20)/5?
8
Let x(j) = -j**2 + 8*j + 12. Let a be x(9). Suppose 5*d - a*d = 0. Suppose 0 = -m - d*m + 3. What is the units digit of m?
3
Let s = -297 - -295. Suppose -6*o + 3*o = -51. Let l = s + o. What is the tens digit of l?
1
Let q(o) = 57*o + 188. What is the hundreds digit of q(5)?
4
What is the thousands digit of -2 - -4 - 53326/(-14)?
3
Let o = -17 + 23. Suppose o*s - s = 10. Suppose s*p = g - 4, -3*g - 3*p - p = -2. What is the units digit of g?
2
What is the hundreds digit of 3/(-21) - (2 - (-1751)/(-7))?
2
Let g = 12 - -32. Suppose 13 = o - g. What is the units digit of o?
7
Let a(z) = 49*z**3 - 6*z**2 + 8*z + 8. What is the thousands digit of a(4)?
3
Let l = -28 - 20. Let p = -38 - l. What is the units digit of p?
0
Let r(m) = 3*m - 7. Let o(y) = y + 1. Let b(l) = 4*o(l) - r(l). Let s be b(-6). What is the units digit of ((-2)/s)/((-1)/80)?
2
Let b(v) = v**3 + 23*v**2 + 19*v + 13. What is the units digit of b(-13)?
6
Let t(b) = -42*b + 31. What is the tens digit of t(-10)?
5
Let u(j) = 382*j**2 - 44*j - 119. What is the units digit of u(-3)?
1
What is the hundreds digit of (-5)/